et m(j) = -120*j + 80. Let o be m(-3). Calculate the greatest common divisor of o and 200.
40
Let n(o) = o**3 + 4 - 2*o**3 + o**2 - o**2. Let i be n(0). Let j = 11044 + -10968. Calculate the highest common divisor of i and j.
4
Let f(i) = -18*i + 99. Let b be f(-14). What is the highest common divisor of b and 78?
39
Suppose -40*t = -28*t - 24. Suppose t*q = -7*k + 6*k + 32, 58 = 4*q + 5*k. What is the highest common divisor of 918 and q?
17
Suppose 0 = -5*g + 4*w + 749, -g = 4*g + 3*w - 777. What is the highest common divisor of g and 36?
9
Let c = 8 + 33. Let x(w) = 30*w - 1766. Let h be x(59). Let f = h + c. What is the highest common factor of 30 and f?
15
Let m be 43/(2 - 3/1). Let z = m - -61. Suppose z*p - 13*p = 20. What is the greatest common divisor of 1 and p?
1
Suppose -1414 = -84*n - 41*n + 461. What is the highest common factor of 36 and n?
3
Suppose u = -3*n - 2, -n + 5*n = 4*u - 8. Let g be (3 - 2)/(n/(-40)). Let o = 1240446 - 1240441. What is the greatest common factor of o and g?
5
Let l = -121 + 89. Let s be (12/(-16))/(36/l)*27. What is the greatest common factor of s and 45?
9
Let m = -25916 + 25982. Calculate the greatest common factor of 10505 and m.
11
Let k(u) = 2*u**2 + 8*u + 252. Let v be k(-8). What is the highest common divisor of v and 2291?
79
Let o be 448 + (-84)/14*(-4)/6. Let w = o - 429. Calculate the greatest common divisor of w and 23.
23
Suppose d + 68 = 3*d. Suppose 0 = -5*h - 5*c + c + 188, 0 = 2*h - 2*c - 86. Let f = h - d. What is the highest common divisor of 30 and f?
6
Suppose -2345*x = -2348*x + 1863. What is the greatest common divisor of 162 and x?
27
Suppose -4*m + 11 = -5. Suppose -15 = -m*p - p. Suppose 3 = 2*d - p. Calculate the greatest common divisor of d and 12.
3
Let t(l) = -l**3 - 6*l**2 - 7*l - 3. Suppose -30 = 2*n - 20. Let p be t(n). Suppose -p*w + 274 = -321. What is the highest common factor of w and 34?
17
Let b be ((-6)/(-4) - 2)*-1212. Suppose n - 905 + 1410 = 5*y, -4*n - 505 = -5*y. Calculate the highest common factor of b and y.
101
Suppose 20*l - 314 = -y + 23*l, l + 318 = y. What is the greatest common divisor of 2480 and y?
80
Suppose 4*z = 14 + 10. Suppose z = -3*v + 15. Let x(i) = 18*i**2 + 8*i - 16. Let u be x(v). Calculate the greatest common factor of u and 68.
34
Suppose 79*s - 72 - 42 = 22*s. Calculate the greatest common factor of 844 and s.
2
Let y = -56 + 74. Suppose 13*b + y*b - 2325 = 0. Calculate the greatest common factor of 30 and b.
15
Let n(t) = -2*t**2 - 22*t + 9. Let z be n(-11). Suppose 3*q + 88 = 5*s, -q - 32 = -0*q + s. Let k = -22 - q. What is the greatest common divisor of z and k?
9
Let q be (-1036)/(-6) + 38/(-57). Suppose -19*s + 2 + 150 = 0. Calculate the greatest common divisor of q and s.
4
Let k(s) = s - 5. Let u be k(11). Let m be (u/(-24) + 2 + -2)*-44. Suppose -m*d = -6*d - 75. Calculate the greatest common factor of 15 and d.
15
Suppose -17*s + 170 = -493. Suppose 0 = -5*m + m - 28. Let r be s - m/((-28)/16). Calculate the highest common divisor of r and 105.
35
Let v be 34*(5/2 - 2). Let m = 550 - -323. Suppose 6*k - m = -159. Calculate the highest common divisor of k and v.
17
Let z be 2*(-3 - 16/(-4)) - -48. Suppose -5*i - 10 = 0, -3*h + 0*h + z = 2*i. Calculate the greatest common factor of 30 and h.
6
Let q be ((-4)/((-12)/79))/(5 + 1474/(-297)). Calculate the greatest common divisor of q and 27.
9
Let b = 4 - 1. Suppose 5*t - 16 = 5*c + 24, 4*t - c - 32 = 0. Suppose t*k = b*k + 145. Calculate the highest common divisor of k and 319.
29
Suppose 66*i + 107*i = -44*i + 705250. What is the greatest common factor of 25 and i?
25
Let n = 143 - 126. Suppose -n*k + 3040 = 2*k. What is the greatest common divisor of k and 60?
20
Let s(o) = -o**2 + 14*o + 13. Let c be s(17). Let m = -35 - c. Suppose b = -0*b - 4, 29 = m*q + b. What is the highest common divisor of 11 and q?
11
Let a = -646 + 1621. Suppose 26*i - 21*i - a = 0. Let z be i/3 - (-2 - -4). What is the highest common factor of 7 and z?
7
Let j be (-1372)/(-9*3/70 - (-30)/105). Calculate the highest common factor of 40 and j.
40
Suppose -1578 = -10*c + 1232. Let a = c + -247. What is the highest common factor of a and 34?
34
Let y = 283 + -258. Let i be ((-6)/(-33) - 0) + 548/11. Calculate the greatest common divisor of i and y.
25
Suppose 16 = -4*s, 3*t - 3*s = 121 + 35. Let k = -35 + t. What is the greatest common divisor of 130 and k?
13
Suppose 0 = -0*z - 2*z + 88. Let j = 434 - 428. Suppose -j*y + 92 = -304. Calculate the highest common factor of z and y.
22
Let i = -20746 + 20758. Calculate the highest common factor of 1038 and i.
6
Let z(j) = -147*j - 37. Let d be z(-1). Let f(p) = -4*p + 16. Let o be f(-5). Let g = -26 + o. Calculate the highest common factor of g and d.
10
Let r = -1797 - -896. Let n = -899 - r. Calculate the highest common factor of 118 and n.
2
Suppose -80*l - 10980 = 115*l - 439*l. Let s(b) = 4*b**2 - 1. Let q be s(2). What is the highest common factor of q and l?
15
Suppose 2*h = 5*z + 1602, -15*h - z = -12*h - 2403. What is the greatest common factor of 9 and h?
9
Let s(i) = -i**2 - 51*i - 139. Let f be s(-48). Suppose -45 - 115 = -f*j. Calculate the highest common divisor of j and 176.
16
Let a(w) = -w**3 + 14*w**2 + 44*w + 54. Let v be a(14). Let c = -518 + v. Calculate the greatest common divisor of 76 and c.
76
Let q be ((-403)/(-5) + 1)/((-512)/(-11520)). Calculate the highest common divisor of q and 340.
68
Suppose -93294 = -5*l - 137*l. Calculate the greatest common divisor of l and 9.
9
Let r be (-94)/(-705) - (-1 - 61329/45). What is the highest common divisor of 372 and r?
124
Let p = -6 + 9. Suppose 3*a = j - p, 0 = -5*j - 5*a + 4*a + 95. Suppose 0 = -8*q + 7*q + 18. Calculate the highest common factor of q and j.
18
Let t(l) = l**2 - 2*l - 13. Let k be t(-6). Let j be ((-11)/(-66)*42)/1. What is the highest common divisor of j and k?
7
Suppose -5*q = 4*w + 2173 - 2637, 334 = 4*q - 3*w. Calculate the highest common divisor of 13926 and q.
22
Suppose 63 = 600*m - 598*m - h, -70 = -2*m + 2*h. What is the greatest common factor of 1393 and m?
7
Let t = -13696 - -13720. Calculate the greatest common divisor of 3184 and t.
8
Let c(g) = 562*g - 485. Let r be c(5). Calculate the greatest common factor of 186 and r.
93
Let h(o) = o**3 + 22*o**2 + 4*o - 30. Let y(w) = w**2 + w - 1. Let r(p) = h(p) - 6*y(p). Let f be r(-16). What is the greatest common factor of 64 and f?
8
Let r be 5*(2 - 8/(-5)). Suppose 94 = 31*x + 1. Let y be 30*(0 - -1)/(5/x). What is the greatest common divisor of y and r?
18
Suppose 377*p + 441*p - 176688 = 0. Let t = 36 - 9. Calculate the highest common factor of p and t.
27
Let l(r) be the third derivative of r**5/20 + r**4/24 - 5*r**3/2 + 56*r**2. Let u be l(-6). What is the highest common divisor of 29 and u?
29
Let w be (2/(-4))/(2/12). Let m = -7 + w. Let i be ((-1)/(-5)*-1)/(2/m). What is the highest common factor of 1 and i?
1
Let c be (-4784)/(-24) - (0 - 2)/(-6). Let r = c + -189. Calculate the highest common divisor of 15 and r.
5
Suppose -2*h + 7 = c, -68*c + h = -69*c + 3. Let o(n) = -42*n**3 + 3*n**2 + n - 2. Let r be o(c). Calculate the greatest common divisor of r and 546.
42
Suppose -2*j + 662 = -2*c, 5 = -3*c + 2. Let f be 3 + -3 + 3 + j/5. Calculate the highest common factor of f and 9.
3
Suppose 20*c - 18*c = -66*c + 21420. What is the greatest common divisor of 4635 and c?
45
Suppose -5243 = -101*w - 6*w. Let z(v) = -v + 3. Let s be z(-4). Calculate the greatest common factor of w and s.
7
Let z be (-11 + 2 - -10) + 4. Let l be ((-108950)/(-45))/z - (-14)/(-63). What is the highest common factor of 88 and l?
44
Let c be (-1 - -6) + 2*-1. Suppose 5123 - 7235 = -11*f. Calculate the highest common divisor of f and c.
3
Suppose 585*i - 1532442 = 267*i. Calculate the greatest common factor of i and 61.
61
Suppose 4*s = 15*m - 17*m + 58, 2*s + 5*m - 25 = 0. Calculate the greatest common divisor of 222 and s.
3
Let u(a) = a**3 - 13*a**2 - 5*a + 89. Let o be u(13). Calculate the highest common factor of 2616 and o.
24
Let a = -43 - -46. Suppose a*s = 3, -3*m + 4*s - 208 = 57. Let q = -63 - m. Calculate the highest common divisor of q and 24.
24
Let b be (-3)/(-6) - 366/(-4). Suppose -5*j = -9*j + b. Let u = 1 + 